{"id":6985,"date":"2018-11-22T00:25:30","date_gmt":"2018-11-21T23:25:30","guid":{"rendered":"https:\/\/www.sante-verte.com\/fr\/?page_id=6985"},"modified":"2025-02-24T08:44:33","modified_gmt":"2025-02-24T07:44:33","slug":"mon-compte","status":"publish","type":"page","link":"https:\/\/www.natural-distribution.com\/pro\/","title":{"rendered":"Espace Pharmacien"},"content":{"rendered":"\t\t<div data-elementor-type=\"wp-post\" data-elementor-id=\"6985\" class=\"elementor elementor-6985\" data-elementor-post-type=\"page\">\n\t\t\t\t<div class=\"elementor-element elementor-element-e586cd5 hide-logged-in e-flex e-con-boxed e-con e-parent\" data-id=\"e586cd5\" data-element_type=\"container\" data-settings=\"{&quot;background_background&quot;:&quot;classic&quot;}\">\n\t\t\t\t\t<div class=\"e-con-inner\">\n\t\t<div class=\"elementor-element elementor-element-bb33157 e-flex e-con-boxed e-con e-child\" data-id=\"bb33157\" data-element_type=\"container\">\n\t\t\t\t\t<div class=\"e-con-inner\">\n\t\t\t\t\t<\/div>\n\t\t\t\t<\/div>\n\t\t\t\t\t<\/div>\n\t\t\t\t<\/div>\n\t\t<div class=\"elementor-element elementor-element-d2d3377 hide-logged-in e-flex e-con-boxed e-con e-parent\" data-id=\"d2d3377\" data-element_type=\"container\" id=\"info-new\">\n\t\t\t\t\t<div class=\"e-con-inner\">\n\t\t<div class=\"elementor-element elementor-element-e6a5f6b e-flex e-con-boxed e-con e-child\" data-id=\"e6a5f6b\" data-element_type=\"container\" data-settings=\"{&quot;background_background&quot;:&quot;classic&quot;,&quot;background_motion_fx_motion_fx_mouse&quot;:&quot;yes&quot;}\">\n\t\t\t\t\t<div class=\"e-con-inner\">\n\t\t<div class=\"elementor-element elementor-element-2538335 e-con-full e-flex e-con e-child\" data-id=\"2538335\" data-element_type=\"container\">\n\t\t\t\t<div class=\"elementor-element elementor-element-f5f6f66 elementor-widget elementor-widget-text-editor\" data-id=\"f5f6f66\" data-element_type=\"widget\" data-widget_type=\"text-editor.default\">\n\t\t\t\t<div class=\"elementor-widget-container\">\n\t\t\t\t\t\t\t\t\t<p><strong>NOUVEAU : Votre Espace Pro \u00e9volue !<\/strong><\/p><p>Un nouveau design, plus ergonomique et pens\u00e9 pour vous.<br \/>Une meilleure visibilit\u00e9 sur vos commandes en cours, vos r\u00e9servations et leurs statuts.<br \/>L&rsquo;exportation possible de vos commandes, factures et avoirs (format possible : csv ).<br \/>La modification de votre email pour recevoir vos factures.<\/p><p><strong>Besoin d&rsquo;un accompagnement ?<\/strong><\/p><p>Notre Service Client r\u00e9pond \u00e0 toutes vos questions !<\/p>\t\t\t\t\t\t\t\t<\/div>\n\t\t\t\t<\/div>\n\t\t\t\t<\/div>\n\t\t\t\t\t<\/div>\n\t\t\t\t<\/div>\n\t\t\t\t\t<\/div>\n\t\t\t\t<\/div>\n\t\t<div class=\"elementor-element elementor-element-bfa2381 e-con-full e-flex e-con e-parent\" data-id=\"bfa2381\" data-element_type=\"container\">\n\t\t<div class=\"elementor-element elementor-element-0615b40 e-con-full e-flex e-con e-child\" data-id=\"0615b40\" data-element_type=\"container\">\n\t\t\t\t<div class=\"elementor-element elementor-element-90e81a5 elementor-widget elementor-widget-shortcode\" data-id=\"90e81a5\" data-element_type=\"widget\" data-widget_type=\"shortcode.default\">\n\t\t\t\t<div class=\"elementor-widget-container\">\n\t\t\t\t\t\t\t<div class=\"elementor-shortcode\"><div class=\"woocommerce\"><\/div><\/div>\n\t\t\t\t\t\t<\/div>\n\t\t\t\t<\/div>\n\t\t\t\t<div class=\"elementor-element elementor-element-f44bf2c elementor-widget elementor-widget-spacer\" data-id=\"f44bf2c\" data-element_type=\"widget\" data-widget_type=\"spacer.default\">\n\t\t\t\t<div class=\"elementor-widget-container\">\n\t\t\t\t\t\t\t<div class=\"elementor-spacer\">\n\t\t\t<div class=\"elementor-spacer-inner\"><\/div>\n\t\t<\/div>\n\t\t\t\t\t\t<\/div>\n\t\t\t\t<\/div>\n\t\t\t\t<div class=\"elementor-element elementor-element-dc50256 elementor-widget elementor-widget-html\" data-id=\"dc50256\" data-element_type=\"widget\" data-widget_type=\"html.default\">\n\t\t\t\t<div class=\"elementor-widget-container\">\n\t\t\t\t\t<script>\r\njQuery(document).ready(function($) {\r\n    var errorFound = false;\r\n    \/\/ Loop through each pagination element\r\n    $('.pagination .page-numbers').each(function() {\r\n        var txt = $(this).text().trim();\r\n        \/\/ Remove non-numeric characters (skip dots, etc.)\r\n        var num = parseInt(txt.replace(\/\\D\/g, ''), 10);\r\n        if (!isNaN(num) && num > 5000) {\r\n            errorFound = true;\r\n            return false; \/\/ break out of the loop\r\n        }\r\n    });\r\n    \r\n    if (errorFound) {\r\n        \/\/ Define the error icon SVG (same as your PHP version)\r\n        var svg_error = '<svg width=\"50\" height=\"50\" viewBox=\"0 0 50 50\" fill=\"none\" xmlns=\"http:\/\/www.w3.org\/2000\/svg\">' +\r\n            '<circle cx=\"25\" cy=\"25\" r=\"25\" fill=\"#FF4C4C\"\/>' +\r\n            '<path d=\"M15 15L35 35\" stroke=\"white\" stroke-width=\"5\"\/>' +\r\n            '<path d=\"M35 15L15 35\" stroke=\"white\" stroke-width=\"5\"\/>' +\r\n            '<\/svg>';\r\n            \r\n        \/\/ Build the error HTML\r\n        var errorHtml = '<div class=\"error-message\" style=\"text-align: center; padding: 20px; border: 1px solid #FF4C4C;\">' +\r\n            svg_error +\r\n            '<h2>Une erreur est survenue<\/h2>' +\r\n            '<p>Veuillez contacter l\\'administrateur \u00e0 <a href=\"mailto:a.giraud@natural-sante.com\">a.giraud@natural-sante.com<\/a> en fournissant votre code client. Nous vous prions de bien vouloir nous excuser pour la g\u00eane occasionn\u00e9e.<\/p>' +\r\n            '<\/div>';\r\n            \r\n        \/\/ Replace the main content (adjust the selector if needed)\r\n        $('.woocommerce-MyAccount-content').html(errorHtml);\r\n    }\r\n});\r\n<\/script>\r\n\t\t\t\t<\/div>\n\t\t\t\t<\/div>\n\t\t\t\t<\/div>\n\t\t\t\t<\/div>\n\t\t\t\t<\/div>\n\t\t","protected":false},"excerpt":{"rendered":"<p>NOUVEAU : Votre Espace Pro \u00e9volue ! Un nouveau design, plus ergonomique et pens\u00e9 pour vous.Une meilleure visibilit\u00e9 sur vos commandes en cours, vos r\u00e9servations et leurs statuts.L&rsquo;exportation possible de vos commandes, factures et avoirs (format possible : csv ).La modification de votre email pour recevoir vos factures. Besoin d&rsquo;un accompagnement ? Notre Service Client [&hellip;]<\/p>\n","protected":false},"author":17353,"featured_media":0,"parent":0,"menu_order":0,"comment_status":"closed","ping_status":"closed","template":"","meta":{"_acf_changed":false,"inline_featured_image":false,"footnotes":""},"class_list":["post-6985","page","type-page","status-publish","hentry"],"acf":[],"_links":{"self":[{"href":"https:\/\/www.natural-distribution.com\/pro\/wp-json\/wp\/v2\/pages\/6985","targetHints":{"allow":["GET"]}}],"collection":[{"href":"https:\/\/www.natural-distribution.com\/pro\/wp-json\/wp\/v2\/pages"}],"about":[{"href":"https:\/\/www.natural-distribution.com\/pro\/wp-json\/wp\/v2\/types\/page"}],"author":[{"embeddable":true,"href":"https:\/\/www.natural-distribution.com\/pro\/wp-json\/wp\/v2\/users\/17353"}],"replies":[{"embeddable":true,"href":"https:\/\/www.natural-distribution.com\/pro\/wp-json\/wp\/v2\/comments?post=6985"}],"version-history":[{"count":120,"href":"https:\/\/www.natural-distribution.com\/pro\/wp-json\/wp\/v2\/pages\/6985\/revisions"}],"predecessor-version":[{"id":19148,"href":"https:\/\/www.natural-distribution.com\/pro\/wp-json\/wp\/v2\/pages\/6985\/revisions\/19148"}],"wp:attachment":[{"href":"https:\/\/www.natural-distribution.com\/pro\/wp-json\/wp\/v2\/media?parent=6985"}],"curies":[{"name":"wp","href":"https:\/\/api.w.org\/{rel}","templated":true}]}}